
14
Let o be -2 - (-141)/(-12) - (-1)/(-4). Let g be (-26)/(-91) - 66/o. Calculate the greatest common divisor of g and 20.
5
Let b(y) = 1785*y**2 + 84*y - 277. Let f be b(3). Calculate the highest common divisor of f and 40.
40
Let f(c) = 4*c + 10. Let j be f(-26). Let h = j + 80. Let a(t) = -6*t - 81. Let p be a(h). What is the greatest common divisor of p and 18?
3
Suppose 2*t + 14 - 160 = 0. Suppose t*f = 85*f - 240. Calculate the highest common divisor of 190 and f.
10
Let i be ((-1)/1)/4 - 3/(-12). Let m be (3*88 - 4) + (-2 - i). Calculate the highest common factor of 6 and m.
6
Let o = 25207 + -25117. Calculate the greatest common divisor of 1340 and o.
10
Suppose -2*y - 40*i + 41*i + 263 = 0, -y - 2*i = -114. Calculate the greatest common divisor of y and 40.
8
Let w = 436 + -136. Suppose 0 = 14*u - 24*u + w. Calculate the greatest common divisor of u and 20.
10
Let j be 30/(-4)*40/(-50). Suppose -4*n = -j*n + 30. Let d be ((-275)/(-10) - 6 - -1)*(-28)/(-21). Calculate the highest common factor of n and d.
15
Let q(u) = 5*u - 75. Let i be q(22). Suppose 40 = -33*o + i*o. What is the highest common divisor of o and 180?
20
Let t(j) = 2*j + 326. Let o be t(44). What is the highest common factor of 666 and o?
18
Let x = 42 - 42. Suppose -3*a + 5*m - 74 = -a, 2*a + 2*m + 74 = x. Let n = 271 + a. What is the greatest common divisor of 39 and n?
39
Suppose -q + 22 = 4*v, 3*q = -2*q + 2*v + 154. Suppose -12*w + 9*w = -q. Suppose -180 = -w*b + b. What is the greatest common factor of b and 120?
20
Let t(k) = 589*k - 12958. Let n be t(22). Let x be (-1)/(-1 - 92/(-94)). Suppose x*c - 43*c - 80 = n. What is the greatest common factor of 15 and c?
5
Let a be (-15)/(2*12/(-32)). Let u = a - 16. Suppose -3*j = -u*b + 465, -3*b - 3*j - 57 = -432. Calculate the greatest common divisor of 40 and b.
40
Let l be 1*3 + -28 + -27 + 142. Let g be (-1)/(143/72 - 2). Calculate the highest common divisor of g and l.
18
Suppose 3*x = -4*x + 14. Suppose 6*m - x*m = 3*r, 4*r = -3*m. Suppose m*b + 3*b = -2*q + 760, 2*q - 1012 = -4*b. What is the highest common factor of 28 and b?
28
Let m be (-1)/(2 + -5)*(156 + -138). Calculate the greatest common divisor of 6666 and m.
6
Suppose 2*d - 106 = -2*r, 4*d + 10*r - 200 = 12*r. Let b be ((-1190)/15)/((-2)/3). What is the highest common factor of d and b?
17
Suppose j + 2*u = -20, j + 8 = -8*u + 3*u. Let k be (1 - j/(-20)) + 216/15. Calculate the highest common divisor of 462 and k.
14
Let t be (1*44 - -1) + -1. Suppose -d - 3*a = -74, 27*a + 232 = 3*d + 26*a. What is the highest common factor of t and d?
11
Let q be 23*(4/(-1) - -7). Let o(x) = -x**2 + 74*x - 423. Let h be o(44). What is the greatest common factor of q and h?
69
Let t(y) = -2*y**3 - 33*y**2 - 14*y + 153. Let h be t(-16). What is the greatest common divisor of 440 and h?
11
Let g(i) = -i**2 + 4*i. Let x be g(4). Suppose x = -4*h + 2*h + 72. Suppose -24 - h = -o. What is the highest common factor of o and 12?
12
Let t(h) = h**2 - 24*h + 68. Let c = 93 - 73. Let m be t(c). Let g be (-6 - 54/m)/(1/(-2)). What is the highest common divisor of 4 and g?
1
Let y be (144/20)/(3/10). Suppose -14*x = w - 12*x - 9, -3*w + 5*x - 17 = 0. Suppose 2*j - 60 = 4*i, -i - w = -4. What is the highest common divisor of j and y?
12
Suppose -79975 = -23*c + 43767 + 21158. Calculate the highest common divisor of c and 330.
30
Suppose 47 = 17*n + 145 - 693. What is the highest common divisor of 355 and n?
5
Let n be (-346)/(-173) - -3*(-370)/(-3). Suppose 5*z - 105 = -45. What is the greatest common factor of z and n?
12
Suppose 12*w - 70 = -46. Suppose 17*l = -w*l + 1292. Calculate the greatest common divisor of 884 and l.
68
Suppose -762 = 9*w - 6621. What is the highest common factor of w and 2583?
21
Let o be (-278)/(-9 - (-205)/23). What is the greatest common factor of 139 and o?
139
Let n = 14 - 2. Suppose -5*r = 3*b - n, -5*r + 19 = -4*b - 0*b. Calculate the greatest common factor of r and 57.
3
Let p be (116388/954)/((-3)/(-116)*6/9). Calculate the highest common factor of 174 and p.
58
Suppose -2*b - 346 = -5*j + 2*b, -2*j - 2*b = -142. What is the highest common factor of 4375 and j?
35
Suppose 5*v = 5 + 10. Suppose v*r + 147 + 149 = 4*x, 2*x - 146 = 2*r. Suppose 0 = s + 1, -4*l + x - 14 = 5*s. Calculate the highest common factor of 153 and l.
17
Let v be (4/(-66)*11)/((-2)/66). Calculate the greatest common factor of v and 74.
2
Suppose -37747 = 16*d - 139891. Calculate the greatest common factor of 16 and d.
16
Let y be (-12)/8*30428/(-78) - (-296)/(-1924). What is the highest common factor of y and 1035?
45
Let v = -6337 + 6643. What is the highest common divisor of 126 and v?
18
Suppose 0*a = 8*a - 272. Suppose -47*t + a*t + 260 = 0. Suppose -3*f = 6*f - 540. What is the greatest common factor of f and t?
20
Suppose -4*d + 5*k = -400, 483 = 5*d - 4*k + 2*k. Let g(s) = -s**3 - s**2 + 22*s + 380. Let a be g(0). What is the greatest common divisor of a and d?
95
Suppose -38*f + 32*f = 36. Let k be -868*(-5)/(-105)*f. What is the greatest common divisor of 62 and k?
62
Let c = -58 + 60. Suppose t - 389 + 57 = -3*h, -344 = -3*h + c*t. Let w be 456/33 + 4/22. Calculate the greatest common divisor of w and h.
14
Suppose 0 = -2*n + 4034 - 3844. Calculate the greatest common factor of n and 5.
5
Suppose x - 147*t - 3539 = -145*t, 4*x + 3*t = 14112. Calculate the greatest common divisor of x and 121.
11
Suppose 2*r = l + 5655, -2*r + 252*l + 5652 = 254*l. What is the greatest common divisor of 33 and r?
11
Suppose -34*d = -10*d - 4440. Suppose -d*u = -180*u - 10. Calculate the highest common divisor of u and 38.
2
Suppose -2*c + 4*i = -208, -24*i = 8*c - 20*i - 912. What is the highest common factor of c and 588?
28
Suppose -q = 5*y - 93 - 7, 2*y = 2*q - 176. Let j be -71 + (-1 - -1*4). Let o = q + j. Calculate the greatest common divisor of o and 198.
22
Let q(n) = -3*n + 24. Let m be q(-3). Let f be (90/54)/(1/3). Suppose 5*i - 3*a - 107 = 0, -f*a + 2*a + 3 = 0. Calculate the highest common factor of i and m.
11
Let y(a) = 283*a + 917. Let r be y(0). What is the greatest common factor of r and 131?
131
Let s be (3/4)/(2/(-8)). Let m be (2/6)/((-1)/s). Suppose 756*o - 573*o - 183 = 0. Calculate the highest common factor of o and m.
1
Suppose h + 77 = -36. Let r = 53 + h. Let c be 10/((-8)/(-52) - r/(-1235)). What is the greatest common factor of c and 38?
19
Let r(a) = a**3 - 8*a**2 + 29*a - 493. Let l be r(16). What is the greatest common divisor of l and 3?
3
Suppose 1690*n - 1717*n + 6561 = 0. What is the highest common factor of n and 2592?
81
Let j = 343 + -110. Suppose -17*l + j = -124. What is the highest common factor of 28 and l?
7
Let q = -49 + 401. Let c(k) = -k**3 - 6*k**2 - 8*k + 7. Let g be c(-5). Calculate the highest common divisor of q and g.
22
Let j = 3151 + -1485. Calculate the greatest common factor of j and 34.
34
Suppose -4930 = 61*v - 119*v. Calculate the highest common divisor of 2295 and v.
85
Let v be 6/(-33) - (-100603)/407. What is the highest common factor of v and 52?
13
Let k(s) = -74*s + 1737. Let m be k(23). Calculate the highest common divisor of m and 763.
7
Suppose 15*n - 895 = -55. Suppose -5*o = o - 168. What is the highest common divisor of o and n?
28
Let w = -2161 - -2191. Calculate the greatest common factor of 110 and w.
10
Let m be (-4 + -1)/5 - (1 + 0). Let f be (-15)/(-5) + 2/((-2)/m). Suppose 3*y - 4*y = -5*o + 4, 2*o - 7 = -f*y. Calculate the highest common factor of 1 and o.
1
Suppose 78*a = -81*a + 16870 + 7457. What is the greatest common divisor of 1938 and a?
51
Let j be -34 - ((-6)/(-6) + 4 - 4). Let u be ((-336)/j)/8*5. What is the highest common factor of u and 66?
6
Let j be 1/(1/42) - 2. Suppose 5*f - 5780 = -6*f - 6*f. What is the highest common factor of f and j?
20
Let h(w) = -w**3 - 5*w**2 - 7*w - 3. Let s be h(-5). Suppose 6*b - 7*b + 12 = 0. Suppose 54 = b*r + 6. Calculate the highest common divisor of s and r.
4
Let x(g) = 260*g**3 + g + 1. Let u be x(-1). Let m = u - -276. Let f be (48/(-5))/((-1)/5). What is the highest common factor of m and f?
16
Let k be 4/62 + 6849612/6138. Calculate the highest common factor of 1767 and k.
93
Suppose -3*f + 8*f = -800. Let z be ((-39)/12)/(2*5/f). What is the g